+ 22. Let a(l) = 8*l - 3. Let b(z) = r*a(z) + 5*t(z). Calculate b(6).
5
Let x(a) be the third derivative of 0 - 1/12*a**4 - 4*a**2 - 1/60*a**5 + 0*a - 1/3*a**3. What is x(-5)?
-17
Let i(c) = -2 - 35*c - 5*c**2 - 31*c + 69*c. What is i(-3)?
-56
Let x = 159 - 160. Let a(q) = 9*q - 2*q + 1 + 0*q. Calculate a(x).
-6
Let r(u) = -2*u**3 + 3*u**2 + 2. Let l(v) = v**3 - v**2 - 3. Let k(i) = -3*l(i) - 2*r(i). Let a be k(0). Let d(z) = z**2 - 4*z + 2. Determine d(a).
7
Let a(o) = -3*o**2 - 5*o - 2. Let w be (-18)/4*((-48)/9 + 6). What is a(w)?
-14
Let d(v) be the second derivative of -2*v**3/3 + 17*v**2 + 2*v - 253. Calculate d(9).
-2
Let s = -563 + 559. Let a(p) = 2*p**2 + 2. Calculate a(s).
34
Let m(w) = w**3 + 4*w**2 + 4*w + 3. Let r(a) be the third derivative of a**6/30 + a**5/60 - a**4/24 - a**3/3 - 2*a**2 - 3*a. Let d be r(-1). Calculate m(d).
-13
Let u(r) = r. Suppose 2*y + 3*o = 84, -3*o - 96 = -4*y + 90. Let j be 3/5 - (-153)/y. What is u(j)?
4
Let b be (2 - 3)*(-3 + (-1 - 1)). Let j(t) = 4*t**2 + 2*t. Let i(n) = -3*n**2 - n + 1. Let c(v) = 3*i(v) + 2*j(v). What is c(b)?
-17
Suppose 0 = -c - 3, -2*i + 3*c + 19 + 6 = 0. Let j = 6 - i. Let s(p) = -4*p + 8. Let v(n) = n - 1. Let r(z) = -s(z) - 8*v(z). Determine r(j).
8
Let s = -8 - -17. Suppose -2*x + 5 = -2*t + 3*t, -3*t = 4*x - s. Let i be (-3 - t) + (-6)/3. Let l(f) = f**2 + f - 5. Give l(i).
7
Let q(p) = 0*p**3 - 21 + 29*p - 35238*p**2 + 35222*p**2 + p**3. Give q(14).
-7
Let t(v) = v**3 + v**2 - v + 14. Let j(r) = 4 + r**2 + 6 - 11*r + 0*r**2. Let d be j(10). Suppose -3*f + 2*f = d. Determine t(f).
14
Suppose 0 = 5*v - 36 + 16. Let h(c) = v + 21*c - 46*c + 24*c. Let m = 3 - 3. What is h(m)?
4
Let r(j) = -205*j + 405*j - 19 - 202*j. Calculate r(-10).
1
Let b(u) = u - 3. Let v be b(0). Let y = 8 + v. Let c(l) = -5 - l - y*l**2 + 3*l**2 + 2*l**2 - l**3. Give c(0).
-5
Suppose 5*u + 3 - 6 = 3*k, -2*k - 9 = -u. Let x(o) = o**2 - o - 1. Calculate x(k).
41
Let r be -2 + (-104)/40 + (-4)/10. Let a(p) = -p**3 - 5*p**2 + p. What is a(r)?
-5
Let r(v) = 5*v + 45. Let d(q) = 2*q + 16. Let m(i) = 8*d(i) - 3*r(i). Let p be 6/(2/4*2). What is m(p)?
-1
Let f(s) = -s**3 + 4. Suppose -2*x - 5*r + 35 = 0, 3*r + 0*r = x + 10. Suppose x + 3 = -4*j. Let d be 0/(-1)*2/j. Calculate f(d).
4
Let o(l) = l**2 + 2*l. Let q(p) = -p**2 - 3*p - 1. Let z(f) = 2*o(f) + 3*q(f). Let n be z(-3). Let c = n - -3. Let d(a) = -a**2 + 5*a. Determine d(c).
-6
Let x(n) = 2*n**2 - n + 2. Let u(j) = j**3 - 5*j**2 + 5*j - 12. Let h(r) = -u(r) - 5*x(r). Let k(f) = -f + 4. Let c be k(3). Let b = -6 + c. What is h(b)?
2
Let r = -44 - -41. Let j(d) = 5*d + 10. Let y(s) = s + 2. Suppose 3*h + 2*o = -2, 0*o - 8 = 5*h + o. Let k(m) = h*j(m) + 11*y(m). What is k(r)?
-1
Let b(g) be the third derivative of g**6/120 - g**5/30 - g**4/8 - g**3/3 - 13*g**2 - 17. What is b(3)?
-2
Let r(c) = -c**3 - 9*c**2 - 7*c - 1. Suppose -4*l = -2*f - 12, 5*f + 2*l + 5 = -37. What is r(f)?
-9
Let g(w) = -w + 2 - 6 - 3. Let z(n) = 2*n - 12. Let t be z(3). Determine g(t).
-1
Let i = -16 + 12. Let z be 0*i/12 + 7. Let u be 5/z + 6/21. Let h(c) = 11*c. Give h(u).
11
Let l(b) = b**2 - 8*b + 7. Let x(f) = -f**2 + 6*f - 3. Let p be x(4). What is l(p)?
-8
Let f(i) be the third derivative of i**6/120 + 7*i**5/60 + i**4/24 + 5*i**3/3 + 612*i**2. Let w be 6*-1 + -1 + 0. Give f(w).
3
Let l(j) = j**2 - 12*j - 55. Let x be l(16). Let b(w) = w**3 - 8*w**2 - 10*w - 2. Give b(x).
-11
Let l(h) = h**3 - 10*h**2 + 7*h + 12. Let n be (5/(-10))/(3/(-54)). Give l(n).
-6
Let f(b) = -b**3 - 10*b**2 - 11*b - 13. Let a be f(-9). Suppose a = w - 1. Let i(h) = -2*h**2 + 0*h**2 + 4*h**2 - 3*h**2 + 9 + w*h. What is i(7)?
2
Suppose x - 4*x = 3*u - 234, 4 = u. Let m = x - 67. Let p(s) = -s**3 + 8*s**2 - 7*s + 3. Determine p(m).
3
Let y be 2/(-12) + (-117)/(-54) + 23. Let a = 29 - y. Let p(l) = -2*l + 3. What is p(a)?
-5
Let u(j) = j**2 + 5*j + 8. Let c(i) = i**3 - 12*i**2 + 10*i + 5. Let f be (10*-1 + -1)/(-1). Let v be c(f). Give u(v).
14
Let m(g) be the third derivative of -g**7/840 + g**6/72 + g**5/24 + g**4/24 + 11*g**3/6 + 4*g**2. Let t(w) be the first derivative of m(w). Determine t(6).
-5
Let d(u) = 6*u + 1. Let b be d(9). Let r(f) = b - f - 117 + 57. What is r(6)?
-11
Let h(y) = -2*y - 3 + 2*y + y - 6*y + 7*y. Calculate h(7).
11
Let r(x) be the second derivative of -7*x**2 - 3/4*x**4 - 1/20*x**5 + 4/3*x**3 + 0 + 14*x. Calculate r(-10).
6
Let r(d) = d - 7. Let y be -5 + -47 + (4 - 1). Let h = y + 49. Give r(h).
-7
Let z(l) = 3*l**2 + 5*l + 2. Suppose r - 132 = -4*y - r, 0 = y + 5*r - 42. Let s = y + -35. Give z(s).
14
Let q(r) = -5*r + 1. Suppose 4*g + 2*o = 6*o + 288, 3*g + 3*o = 210. Let z = g + -70. Determine q(z).
-4
Let h(q) = 17*q**2 - 2*q - 5*q + 6 + 7 + 0*q - 16*q**2. Calculate h(9).
31
Let v = 6 - 3. Suppose -12 = -v*k - k. Let o(b) be the first derivative of -b**4/4 + b**3 + b**2/2 + 2*b - 23. Give o(k).
5
Let a be (-5)/1*((-230)/25 - -10). Let y(x) = 4*x + 7. Let m(n) = -9*n - 14. Let f(w) = -3*m(w) - 7*y(w). Determine f(a).
-3
Let j(z) be the third derivative of -z**4/24 - z**3 + 3*z**2. Let u be j(-3). Let q(y) = 20*y - 48*y - 4 + 23*y. Determine q(u).
11
Let j(h) = -h**3 - 31*h**2 + 32*h - 9. Let u be j(-32). Let o(w) = -w**3 - 10*w**2 - 10*w - 8. Calculate o(u).
1
Suppose -4*c - 140 = -88. Let l(k) = -k**3 - 13*k**2 - k - 7. Give l(c).
6
Let w(i) = -i - 22. Suppose -h + 8 = -d, -d + 3*h + 12 = -2*h. Determine w(d).
-9
Let h = -230 - -347. Let s be (1/3)/((-13)/h). Let b(d) = d**3 + 3*d**2 + 3. Determine b(s).
3
Let i(f) = 2*f**2 + 8*f + 8. Let y be i(-4). Suppose -4*m + 20 = -y*m. Let b(l) = -l**2 - 6*l - 7. Let w(g) = -1. Let v(n) = -b(n) + 6*w(n). What is v(m)?
-4
Let o = -5 + 7. Let s(b) = 16*b**2 + b**3 - 3 - 2*b - 30*b**o + 16*b**2. Give s(-3).
-6
Let p be 26/4 - 3/6. Suppose 5*a - s = -5*s - 1, 5*s - p = a. Let x(t) = -6*t**2 - 8*t + 7. Let d(j) = -j + 1. Let h(k) = a*x(k) + 6*d(k). Determine h(1).
7
Let p(k) = -k**3 + k**2 - 2*k - 1. Let z be p(-1). Let y be 117/(-26)*(-2)/z. Let l(a) = -8*a - 2. Determine l(y).
-26
Let q = 113 - 109. Let c(b) = 2*b**2 - 4*b + 3. Determine c(q).
19
Let o(s) = -s**3 - 7*s**2 + s + 1. Suppose -49 = -84*t + 91*t. Determine o(t).
-6
Let b(j) = 4 - 10 - 2*j - 5. Determine b(-10).
9
Suppose 0 = -3*p - 786 + 771. Let z(o) = -8*o - 23. Determine z(p).
17
Let m(d) = -d**2 + 595 - 9*d - 599 - d**2. Let j be m(-4). Let z(q) be the third derivative of -q**6/120 + q**5/60 - q**4/24 + q**3 - q**2. Calculate z(j).
6
Let r be 21/2*528/308. Let u(v) = -v**3 + 17*v**2 + 17*v - 1. Determine u(r).
-19
Suppose -22*r - 77 = -33*r. Let k(h) = -h + 8. Calculate k(r).
1
Let s be (1 - 9)*2/2. Let k(t) = -t**2 + 1595 + 1602 - 3208 - 10*t. Determine k(s).
5
Let d(m) = -7*m**3 + 11*m**2 + 11*m + 4. Let z(o) = 2*o**3. Let v(j) = d(j) + 4*z(j). Calculate v(-10).
-6
Let i = 29 - 24. Let f(j) = -j**3 + j**2 - 1. Let b(q) = -8*q**2 - 4 + 3*q**3 - 3*q**3 + 4*q**3 + 7. Let m(z) = i*f(z) + b(z). What is m(-3)?
-2
Let x = -1033 - -1043. Let i(r) = -r + 12. Calculate i(x).
2
Suppose 160*z + 19 = 157*z - g, 0 = 2*z - 2*g + 10. Let n(m) = -4*m + 4. Determine n(z).
28
Let p = 13 - 8. Let l be 7/4 - p/(-20). Suppose l*j + 2*j = -16, -2*j = -3*o + 8. Let d(v) = v**3 + v**2 + 5. Calculate d(o).
5
Let g(l) = l**2 - 2*l + 1. Let u(t) = 19*t**2 + 133*t + 4. Let x be u(-7). What is g(x)?
9
Let x be (-5 - -2)*-3*(-4)/(-6). Suppose -3*n + l = -3, 0 = -2*n + l - 0*l + 1. Let g(z) = -4 + z**3 + z**n - 8*z**2 + 5*z - 4. Calculate g(x).
-14
Let j(p) be the third derivative of p**7/2520 + p**6/240 + 11*p**5/60 + 27*p**2. Let y(s) be the third derivative of j(s). Give y(-2).
-1
Suppose -3*j = -20 + 23. Let l = -1 + j. Let y(d) = 2*d**3 + 2*d**2 - 2*d. Calculate y(l).
-4
Let c(f) = -8 - 2 + 5*f**2 + 3 - 4*f**2. Suppose 0 = -0*o - 3*o + 5*o. Give c(o).
-7
Let l(w) = -w**2 - 2*w + 1. Let u be 138/(-115)*5/2. Determine l(u).
-2
Let y(g) be the first derivative of g**4/12 - 5*g**3/6 + 2*g**2 - 24*g - 2. Let l(i) be the first derivative of y(i). What is l(5)?
4
Let v(l) = 3*l - 5. Let k(t) = -t**2 + t - 3. Let s(d) = -k(d) + v(d). Give s(-4).
6
Let s(b) be the third derivative of b**2 - 4/3*b**3 + 1/24*b**4 + 0 + b. What is s(0)?
-8
Let c(a) = -a**3 + a. Let h(d) = 4*d**2 + 4*d - 2. Let t(b) = -c(